t of 282793396?
2
What is the tens digit of 5159600280?
8
What is the hundred thousands digit of 704682637?
6
What is the thousands digit of 210420184?
0
What is the hundreds digit of 468974242?
2
What is the ten millions digit of 113023621?
1
What is the hundreds digit of 88988780?
7
What is the tens digit of 28401957?
5
What is the hundreds digit of 30455099?
0
What is the tens digit of 3770094423?
2
What is the hundred thousands digit of 697794324?
7
What is the ten millions digit of 98959761?
9
What is the units digit of 91647472?
2
What is the thousands digit of 2411435?
1
What is the units digit of 28819528?
8
What is the units digit of 3652293177?
7
What is the ten thousands digit of 37531654?
3
What is the units digit of 31425693?
3
What is the billions digit of 5498496130?
5
What is the millions digit of 81154279?
1
What is the hundred millions digit of 125465566?
1
What is the tens digit of 46333423?
2
What is the hundred thousands digit of 1251902869?
9
What is the ten millions digit of 1794666227?
9
What is the hundreds digit of 255426029?
0
What is the thousands digit of 5779769014?
9
What is the millions digit of 219244440?
9
What is the hundred thousands digit of 686421611?
4
What is the tens digit of 626156712?
1
What is the units digit of 170165515?
5
What is the hundreds digit of 206145761?
7
What is the hundreds digit of 1346820420?
4
What is the hundreds digit of 475632780?
7
What is the ten thousands digit of 31710414?
1
What is the ten thousands digit of 26956526?
5
What is the ten thousands digit of 3160152882?
5
What is the ten thousands digit of 39545697?
4
What is the tens digit of 4073486604?
0
What is the units digit of 21721034?
4
What is the hundred thousands digit of 857878649?
8
What is the ten millions digit of 136767525?
3
What is the hundred thousands digit of 9398520?
3
What is the millions digit of 44332976?
4
What is the ten millions digit of 963831205?
6
What is the hundred thousands digit of 5106957?
1
What is the hundreds digit of 293926532?
5
What is the hundreds digit of 1453748910?
9
What is the billions digit of 7373696856?
7
What is the tens digit of 4005797?
9
What is the ten thousands digit of 1933379995?
7
What is the hundred thousands digit of 7277737115?
7
What is the hundreds digit of 3173133421?
4
What is the hundreds digit of 43599579?
5
What is the millions digit of 153878894?
3
What is the ten millions digit of 769916100?
6
What is the ten millions digit of 60280224?
6
What is the ten thousands digit of 856734031?
3
What is the ten millions digit of 282715588?
8
What is the units digit of 5283555142?
2
What is the ten millions digit of 759022775?
5
What is the ten thousands digit of 501677292?
7
What is the ten thousands digit of 298222007?
2
What is the thousands digit of 947425882?
5
What is the tens digit of 1446040759?
5
What is the hundred thousands digit of 442790873?
7
What is the hundred thousands digit of 277508792?
5
What is the ten millions digit of 456040559?
5
What is the hundred thousands digit of 873871036?
8
What is the units digit of 2347424775?
5
What is the hundred thousands digit of 31871137?
8
What is the hundred thousands digit of 56547247?
5
What is the ten thousands digit of 22136985?
3
What is the units digit of 27788595?
5
What is the hundreds digit of 171589586?
5
What is the hundreds digit of 34596224?
2
What is the ten thousands digit of 36127549?
2
What is the units digit of 19998144?
4
What is the units digit of 1673481277?
7
What is the tens digit of 1476379967?
6
What is the ten millions digit of 1475724742?
7
What is the millions digit of 1828859217?
8
What is the ten millions digit of 546986113?
4
What is the ten millions digit of 1580983100?
8
What is the millions digit of 74471581?
4
What is the ten thousands digit of 29066344?
6
What is the tens digit of 8035937?
3
What is the ten millions digit of 111583170?
1
What is the ten millions digit of 1848341381?
4
What is the hundreds digit of 3769423164?
1
What is the hundred thousands digit of 1715953192?
9
What is the tens digit of 548520024?
2
What is the hundred thousands digit of 53275029?
2
What is the millions digit of 11000238?
1
What is the tens digit of 449864296?
9
What is the millions digit of 181433480?
1
What is the ten millions digit of 2099339275?
9
What is the ten millions digit of 482519629?
8
What is the ten millions digit of 3913142970?
1
What is the hundred millions digit of 160015120?
1
What is the hundred millions digit of 2048486457?
0
What is the ten thousands digit of 504414501?
1
What is the millions digit of 59493652?
9
What is the millions digit of 26443403?
6
What is the tens digit of 810229?
2
What is the hundred millions digit of 167477612?
1
What is the hundreds digit of 13467940?
9
What is the ten thousands digit of 344087538?
8
What is the units digit of 213660921?
1
What is the millions digit of 53829849?
3
What is the thousands digit of 96162561?
2
What is the ten millions digit of 38400128?
3
What is the hundred millions digit of 349179373?
3
What is the millions digit of 1929000?
1
What is the ten thousands digit of 387135236?
3
What is the ten millions digit of 62121102?
6
What is the hundreds digit of 54375546?
5
What is the billions digit of 5026733960?
5
What is the hundreds digit of 18056896?
8
What is the thousands digit of 62833118?
3
What is the hundred millions digit of 743564633?
7
What is the millions digit of 12792999?
2
What is the hundreds digit of 384332014?
0
What is the millions digit of 933886298?
3
What is the millions digit of 915115884?
5
What is the hundred thousands digit of 31910987?
9
What is the thousands digit of 650638169?
8
What is the tens digit of 61887391?
9
What is the thousands digit of 2605341841?
1
What is the thousands digit of 936095751?
5
What is the ten thousands digit of 54048130?
4
What is the millions digit of 649700107?
9
What is the thousands digit of 1647808582?
8
What is the thousands digit of 1451317032?
7
What is the millions digit of 1638364552?
8
What is the ten millions digit of 37143590?
3
What is the thousands digit of 2730567359?
7
What is the hundred millions digit of 952020274?
9
What is the hundred millions digit of 834550242?
8
What is the ten millions digit of 1838071212?
3
What is the millions digit of 314367185?
4
What is the ten millions digit of 3197410051?
9
What is the millions digit of 405660645?
5
What is the ten millions digit of 354671627?
5
What is the hundred thousands digit of 175023446?
0
What is the ten thousands digit of 33768961?
6
What is the tens digit of 30707723?
2
What is the hundreds digit of 56827093?
0
What is the hundreds digit of 3531488398?
3
What is the hundreds digit of 1153480667?
6
What is the ten thousands digit of 61400859?
0
What is the hundreds digit of 8731522?
5
What is the tens digit of 1246949399?
9
What is the hundreds digit of 115057907?
9
What is the thousands digit of 52535981?
5
What is the thousands digit of 4087896919?
6
What is the ten thousands digit of 61930846?
3
What is the tens digit of 137235785?
8
What is the hundred thousands digit of 39338148?
3
What is the millions digit of 1536235?
1
What is the tens digit of 235859432?
3
What is the millions digit of 851696324?
1
What is the tens digit of 11538664?
6
What is the millions digit of 1290776?
1
What is the hundred millions digit of 597106880?
5
What is the units digit of 123166446?
6
What is the tens digit of 2525945224?
2
What is the ten millions digit of 3352057558?
5
What is the ten thousands digit of 4735644444?
4
What is the units digit of 40997227?
7
What is the hundred thousands digit of 278758033?
7
What is the billions digit of 1129670444?
1
What is the tens digit of 639213027?
2
What is the hundred millions digit of 205680956?
2
What is the millions digit of 1346602395?
6
What is the units digit of 843435307?
7
What is the tens digit of 1615830865?
6
What is the hundred thousands digit of 71179551?
1
What is the hundred thousands digit of 33218622?
2
What is the hundred thousands digit of 478061895?
0
What is the thousands digit of 55541931?
1
What is the units digit of 3020055352?
2
What is the ten thousands digit of 61311433?
1
What is the hundred thousands digit of 93328652?
3
What is t